nits digit of u?
1
Suppose -3*o + 2*o - 12 = 0. Let v = o + 24. Suppose r - 1 - v = 0. What is the units digit of r?
3
Let a be 25/(-7) - (-12)/(-28). What is the units digit of (-54)/a*6/9?
9
Suppose 29*n - 24*n - 285 = 0. What is the units digit of n?
7
Let c = -20 + 17. Let k(g) = -9*g - 4. What is the units digit of k(c)?
3
Suppose 17*b - 208 = 13*b. What is the units digit of b?
2
Suppose 2*x - 4*r - 295 = -x, 392 = 4*x - 4*r. What is the units digit of x?
7
Suppose 4*b - 174 - 42 = 0. What is the units digit of b?
4
Suppose -q + 10 = -3. What is the units digit of q?
3
Let n(j) = -j**3 + 10*j**2 - 11*j - 12. What is the tens digit of n(7)?
5
Let l(b) = b - 11 + 3 - 2. Let y be l(0). What is the tens digit of (-1 - 1)/(2/y)?
1
What is the tens digit of (-24)/(-84) - 684/(-7)?
9
Let p(t) = 2*t + 2*t + 7 - 13. What is the tens digit of p(4)?
1
What is the units digit of -3 + 2 + (-5)/(-1)?
4
Let g(a) = a**3 + 8*a**2 - 7*a + 11. Let m be g(-9). Let j(t) = -t - 2. What is the units digit of j(m)?
5
What is the units digit of (-1)/(-2 - (-3 - -2)) + 36?
7
Let l = -7 + 9. Suppose -z + 7 = 3*g - 2*z, l*g - 3*z = 7. What is the units digit of g?
2
Suppose 0 = 54*m - 50*m. Let s(z) be the third derivative of -z**6/120 + z**4/24 + 2*z**3/3 + z**2. What is the units digit of s(m)?
4
Suppose 0 = -0*f - f + k + 6, 52 = 4*f + 3*k. Suppose -2*p = -f, 0 = -7*b + 4*b + 5*p - 16. Suppose b*d - 18 = 12. What is the units digit of d?
0
What is the hundreds digit of -28*1*4*10/(-5)?
2
Let x(l) = -l**3 + 8*l**2 - 8*l + 9. What is the units digit of x(7)?
2
Let r(l) = -12*l**3 - 3*l**2 + l. What is the tens digit of r(-2)?
8
Let f = -6 - -4. Let x = 3 - -2. Let n = f + x. What is the units digit of n?
3
Suppose -5*l = -a - 0*a - 5, 2*l - 2 = 0. Let i(k) = -k + 8. What is the units digit of i(a)?
8
Let h = 28 + -11. Let f = h + -11. What is the units digit of f?
6
Suppose -j + 4*j + 2*n + 1 = 0, -3*n = 3*j + 6. What is the units digit of (-1)/j - (-85)/3?
8
Let o(u) = -u**2 + 5. Let n be o(0). Suppose 3*f = -2*a + 10, -3*a + 2*a + 5 = 3*f. Suppose d - n*w = 20, -a*d + w = -w - 54. What is the tens digit of d?
1
Let m(u) be the third derivative of -u**5/60 + 11*u**4/24 - u**3/6 - 6*u**2. What is the tens digit of m(8)?
2
Suppose 3*v - 96 = -5*h, 2*v + 7 + 7 = h. What is the tens digit of h?
1
Suppose 4*d = s + 119, -90 = -3*d + 2*s - s. What is the units digit of d?
9
Let o(h) = -7*h**3 + 4*h - 1. Let q(g) = -13*g**3 + g**2 + 9*g - 2. Let a(l) = -5*o(l) + 2*q(l). Let k be a(1). Let i = 14 - k. What is the units digit of i?
4
Let q be -3*(-2)/(18/(-21)). Let j = q - -9. Suppose -j*o + 10 = -0. What is the units digit of o?
5
Suppose m + 95 = 3*a, 4*m + 93 = 5*a - 56. What is the tens digit of a?
3
Suppose -4*d + 3*w = 24 - 123, -d + w = -24. Let i be -2*(-2 - d/(-6)). Let c = i + 12. What is the units digit of c?
7
Let g(z) = -z**2 - 8*z - 5. Let p be g(-7). Let m be 18/3*p*2. Let d = m + -9. What is the units digit of d?
5
Suppose z = n, -4*n - 5*z = -0*n + 9. What is the units digit of n/((5/9)/(-5))?
9
Let w(g) = -g - 2. Let p be w(-6). What is the units digit of p/(-6) - (-118)/6?
9
Let z = 7 + -5. Suppose 35 = 3*f + 4*i, -5*f + 0*i + 15 = -z*i. What is the units digit of f?
5
Let x(u) = -u - 25. Let i be x(-13). What is the units digit of 5/(40/i)*-6?
9
Suppose 99 = 3*q - 3*s, 2*q + 0*q + 2*s = 86. What is the tens digit of q?
3
Suppose -3*r = -321 - 93. What is the hundreds digit of r?
1
Let j(r) = r**3 + 5*r**2 - 6*r. Let w be j(-6). Let f = w + 10. Let g = f - 6. What is the units digit of g?
4
Let q(f) = -4*f - 7. Let l(r) = 5*r + 7. Let o(t) = -6*l(t) - 7*q(t). Let w be o(5). Let u(j) = -2*j + 2. What is the units digit of u(w)?
8
Suppose 0 = 3*u + 2*u - 145. Let b = 18 - u. Let x = b + 18. What is the units digit of x?
7
Let x(r) be the second derivative of -r**3/6 + 7*r**2/2 + r. Suppose 2*m = -3*m + 30. What is the units digit of x(m)?
1
Suppose 4*i - 4*r - 8 - 12 = 0, 0 = -3*i + 2*r + 17. What is the units digit of i?
7
Suppose -3*b = 2*b + 110. Let g = -4 - b. What is the units digit of g?
8
Let i be 2/(-5) - 10/(-25). Let d(o) = -o**2 + 9. What is the units digit of d(i)?
9
Suppose -4*n + 33 = 1. Suppose n = 2*r + 2*r. Suppose r*f - 5*m = 4*f - 1, 9 = 2*f - 3*m. What is the units digit of f?
3
What is the units digit of ((-512)/6)/((-8)/12)?
8
Suppose -m = -5, -4*x + 3*x - 3 = -5*m. What is the units digit of x?
2
Suppose -8*k + 366 = -330. What is the units digit of k?
7
Let h(l) = -l + 11. What is the units digit of h(3)?
8
Suppose -4*c - 48 = z - 3*z, 0 = -4*z + 5*c + 105. What is the units digit of z?
0
Let z = 5 + -3. Suppose 0 = -5*w - 4 - 1. Let o = w + z. What is the units digit of o?
1
Let t be (0 - -2) + 0/1. Suppose t*n = -3*n. Let f(d) = -d**2 + 7. What is the units digit of f(n)?
7
Let o = 43 + -15. What is the units digit of o?
8
Let l = -14 - -10. Let o be (-3 - -1)*(-2)/l. Let g = 1 - o. What is the units digit of g?
2
Let d(r) = -r**2 - 6*r + 6. Let t be d(-7). Let l = 2 - t. What is the units digit of l?
3
Let i(b) = 5*b**2 - 6*b + 10. What is the tens digit of i(4)?
6
Let y be -2 + 0 + (-1)/(-1). Let a be 20*3/6*y. What is the units digit of (-5)/(-25) + (-8)/a?
1
Let k(f) be the first derivative of -f**2/2 + 2*f + 2. What is the tens digit of k(-10)?
1
Let g(y) = y**2 + 3*y - 3. Let k be g(2). Suppose -b = -k + 2. What is the units digit of b?
5
Let z = -74 + 150. What is the tens digit of z?
7
Suppose 4*g + 170 = 754. What is the units digit of g/10 + (-4)/(-10)?
5
Suppose -19 = -10*n + 11. What is the units digit of n?
3
Let v = -1 - -4. Let c be (v - 4)/((-1)/2). Suppose c*u - d = -4*d + 21, u - 5*d = 4. What is the units digit of u?
9
Let h(r) = 5*r**2 - 2*r - 1. Let v(o) = o**2 + o + 4. Let u be v(-3). Let d be (-3)/(-12) + u/(-8). What is the units digit of h(d)?
6
Let i(v) = 6*v + 1. Let u = 11 + -4. Suppose 0 = 2*r - u*r + 5. What is the units digit of i(r)?
7
Let u be (2/(-3))/(2/(-51)). Let z(h) = -2*h - 12. Let i be z(-8). Suppose -u = -i*o - 5. What is the units digit of o?
3
Suppose s - 431 - 88 = -2*q, 0 = -5*q - 3*s + 1297. What is the hundreds digit of q?
2
Let v(z) = -z**3 - 3*z**2 + 2*z + 2. Let u be v(-3). What is the units digit of ((-8)/12)/(u/90)?
5
Suppose -g = -5*g + 92. Suppose 2*v - g = 3*w, 9 = 5*v + 5*w - 36. What is the tens digit of v?
1
Suppose 20 = -4*p, z = p + 3*p + 29. What is the units digit of z?
9
Suppose 198 = -v + 3*v + 2*h, 4*h + 540 = 5*v. What is the units digit of v?
4
Let t = 23 - 22. What is the units digit of t?
1
Let f = 0 + 3. Suppose -f*z = -161 + 17. What is the units digit of z?
8
Let k(x) = x**3 + 7*x**2 + 6*x - 6. Suppose s = 6*s - 5. Let h be (1/(-2))/(s/10). What is the tens digit of k(h)?
1
Suppose -t + 17 = -4. Suppose 3*i - 3*l - t = 0, 2*i - 29 = 8*l - 3*l. Suppose i = -p - x, 5*p + 2*x = x + 10. What is the units digit of p?
3
Suppose -9 = 5*w - 34. Suppose 3*x - 79 = -w*r, 27 = -3*r + 6*r - 5*x. What is the tens digit of r?
1
Let v be 12/30 - 18/(-5). Suppose -4*i = i + n - 75, -5*n + 81 = v*i. What is the tens digit of i?
1
Let o be 4/12 - 22/(-6). Suppose o*y - 9 - 11 = 0. What is the units digit of y?
5
Let n(w) = -27*w - 17. What is the hundreds digit of n(-9)?
2
Let n(x) be the first derivative of -x**4/2 - 2*x**3/3 - x**2/2 + 3. What is the units digit of n(-1)?
1
Let s be (-1 + 0)*-3 - -13. Let o be 6/4*s/6. Suppose -41 = -o*r - 5. What is the units digit of r?
9
Let x be ((-6)/(-12))/(1/10). Suppose -x - 45 = -5*a. What is the tens digit of a?
1
Suppose 5*r = -2*z - 5, -2*z = -4*r + z - 4. Let u = -2 + 1. What is the units digit of r/((-2 + u)/30)?
0
Let u(g) = g**3 - 6*g**2 - 3*g. What is the units digit of u(8)?
4
Let r be 200/2 + (-8)/2. Suppose -r = -8*f + 4*f. What is the units digit of f?
4
What is the tens digit of (66/9)/((-6)/(-9))?
1
Let q(v) = -v**3 + 7*v**2 - 2*v + 4. Let t be (-4)/(-4)*(6 - -1). Let b be q(t). What is the units digit of 1/4*-6*b?
5
Let x = -83 - -177. What is the units digit of x?
4
Let q = 2 + -5. What is the units digit of (q/(9/(-111)))/1?
7
Let r = 6 + -4. Suppose -r*g = 2*g - 24. What is the tens digit of -1 + 4 + g + 3?
1
Suppose 5*v - v = -2*u - 256, -u + 2*v - 132 = 0. What is the tens digit of 42/5*u/(-39)?
2
Suppose